Convert 5271 (base 11) to base 16.
1b3f
What is 21302 (base 4) in base 3?
212012
What is 303331 (base 4) in base 10?
3325
Convert -101111011010111 (base 2) to base 12.
-12073
-121122100 (base 3) to base 4
-2331210
1361 (base 7) to base 6
2245
Convert -201121 (base 3) to base 15.
-254
-1f87 (base 16) to base 12
-4807
-11011000011 (base 2) to base 8
-3303
Convert 335305 (base 6) to base 9.
42865
What is -100011 (base 2) in base 8?
-43
15347 (base 9) to base 8
24374
What is -1505 (base 6) in base 13?
-24b
1000101011 (base 2) to base 14
2b9
What is -861 (base 10) in base 13?
-513
20724 (base 9) to base 16
358f
-3420110 (base 5) to base 16
-ecef
a9ac (base 15) to base 10
35937
Convert 8b20 (base 13) to base 3.
222200210
What is -8467 (base 10) in base 4?
-2010103
Convert 30c (base 14) to base 9.
736
Convert 118 (base 9) to base 14.
70
Convert -13a2 (base 11) to base 5.
-24211
-34ab (base 16) to base 9
-20441
What is -130333 (base 5) in base 3?
-20222122
What is 33032 (base 4) in base 12?
692
What is 4705 (base 14) in base 6?
133105
What is 131 (base 16) in base 14?
17b
What is 128b (base 12) in base 5?
31443
326022 (base 7) to base 15
11e9c
-141123 (base 5) to base 2
-1011010011100
What is -1c12 (base 15) in base 5?
-143332
What is -143334 (base 6) in base 4?
-3112222
What is 33021 (base 4) in base 7?
2553
Convert -338 (base 9) to base 3.
-101022
What is 135343 (base 8) in base 10?
47843
What is 112121221 (base 3) in base 2?
10100110100111
Convert 29a1 (base 12) to base 3.
20200111
What is 582 (base 12) in base 15?
398
Convert 1401 (base 11) to base 12.
1074
Convert -100010000001101 (base 2) to base 4.
-10100031
What is 16a88 (base 12) in base 7?
164120
Convert 1103310 (base 4) to base 7.
21432
Convert 3bf1 (base 16) to base 14.
5841
-15572 (base 8) to base 2
-1101101111010
1100000001 (base 2) to base 6
3321
Convert 2220111 (base 3) to base 15.
964
10001012 (base 3) to base 8
4253
Convert 60214 (base 7) to base 3.
201220121
What is 1213120 (base 4) in base 2?
1100111011000
Convert 4159 (base 10) to base 11.
3141
-2c3 (base 15) to base 13
-399
Convert 111010100011010 (base 2) to base 5.
1424403
-6652 (base 8) to base 11
-26a0
What is -1430 (base 8) in base 5?
-11132
Convert 10033 (base 5) to base 2.
1010000011
What is -228 (base 15) in base 8?
-750
What is -31103 (base 4) in base 7?
-2324
100425 (base 6) to base 5
223222
-401 (base 11) to base 2
-111100101
What is 101101100011001 (base 2) in base 12?
115b5
What is -b83 (base 16) in base 14?
-1107
12168 (base 10) to base 4
2332020
-441 (base 13) to base 7
-2061
Convert 52b2 (base 12) to base 10.
9062
1120212102 (base 3) to base 5
2000000
Convert 211250 (base 6) to base 13.
7a76
Convert -809 (base 13) to base 8.
-2521
11010110111 (base 2) to base 15
799
12330130 (base 4) to base 8
67434
What is -11722 (base 9) in base 12?
-4685
324302 (base 5) to base 7
44442
What is -110010110011 (base 2) in base 4?
-302303
57c0 (base 13) to base 11
9294
-10010100101 (base 2) to base 4
-102211
Convert -22001021 (base 3) to base 6.
-43054
Convert 10b (base 14) to base 4.
3033
Convert 603 (base 9) to base 16.
1e9
320 (base 11) to base 10
385
Convert -15071 (base 10) to base 11.
-10361
Convert -147b (base 13) to base 8.
-5637
-2155 (base 7) to base 4
-30013
Convert -440144 (base 5) to base 15.
-46d4
1b86 (base 15) to base 3
22012100
-14143 (base 11) to base 5
-1121013
20101202 (base 3) to base 12
2848
-d23 (base 14) to base 8
-5023
What is 3952 (base 12) in base 5?
202132
413 (base 6) to base 11
12a
What is -4833 (base 9) in base 8?
-7012
-2aa (base 12) to base 6
-1534
Convert -1001010100111111 (base 2) to base 5.
-2210312
Convert 235a (base 14) to base 5.
144111
-2122 (base 11) to base 13
-137c
Convert 1448 (base 9) to base 11.
908
-1001111100010 (base 2) to base 8
-11742
What is -1961 (base 14) in base 4?
-1013301
1bc8 (base 14) to base 15
1786
-124414 (base 5) to base 3
-20211121
What is 1614 (base 8) in base 7?
2435
Convert -1220001112 (base 3) to base 11.
-25a67
11010 (base 7) to base 16
abf
-51021 (base 9) to base 14
-c329
Convert -666 (base 7) to base 9.
-420
Convert -3303 (base 4) to base 8.
-363
Convert -13403 (base 5) to base 7.
-3134
4442 (base 6) to base 14
53c
What is 202 (base 5) in base 13?
40
What is -10122 (base 11) in base 6?
-152242
3300 (base 4) to base 7
462
890 (base 13) to base 10
1469
Convert 2020012100 (base 3) to base 7.
241641
-1022a (base 12) to base 3
-1001212221
1001001101 (base 2) to base 9
724
What is -144 (base 10) in base 2?
-10010000
11110011111 (base 2) to base 10
1951
-1646 (base 8) to base 6
-4154
What is 5a1 (base 14) in base 13?
683
What is -1010001010 (base 2) in base 11?
-541
-2adb (base 15) to base 2
-10001111110110
-41b5 (base 14) to base 11
-8571
Convert -16274 (base 9) to base 3.
-120022111
23042 (base 5) to base 10
1647
Convert -6f (base 16) to base 4.
-1233
Convert 420042 (base 5) to base 8.
32714
What is 12202 (base 3) in base 5?
1110
What is 22405 (base 7) in base 4?
1120321
What is 1310231 (base 4) in base 16?
1d2d
-30354 (base 10) to base 11
-20895
Convert -113444 (base 6) to base 11.
-7483
-1054 (base 12) to base 5
-24132
What is 1101111101001 (base 2) in base 6?
53025
Convert -2214010 (base 5) to base 12.
-1a432
Convert -4444 (base 5) to base 6.
-2520
Convert 11200120 (base 4) to base 7.
122515
What is -15203 (base 6) in base 2?
-100110010011
-49c (base 14) to base 6
-4134
Convert 4406 (base 13) to base 11.
712a
Convert 100 (base 9) to base 16.
51
What is 1a (base 12) in base 2?
10110
What is -10110110001 (base 2) in base 13?
-881
Convert -11010001 (base 2) to base 6.
-545
What is -10001100010110111 (base 2) in base 16?
-118b7
19b (base 16) to base 14
215
Convert 7107 (base 15) to base 3.
1012201121
What is -5213 (base 10) in base 9?
-7132
-7283 (base 9) to base 2
-1010011011100
What is 2111021 (base 3) in base 13?
a99
What is c7 (base 16) in base 9?
241
8886 (base 10) to base 2
10001010110110
-243d (base 16) to base 5
-244102
Convert -202210 (base 4) to base 5.
-32322
Convert 9dc (base 15) to base 8.
4270
What is -b31b (base 13) in base 15?
-74b8
188 (base 14) to base 15
161
43135 (base 6) to base 2
1011100000011
Convert 329 (base 16) to base 9.
1088
What is 111011011 (base 2) in base 13?
2a7
-965 (base 16) to base 9
-3262
What is 523 (base 11) in base 8?
1166
Convert 113233 (base 4) to base 9.
2067
Convert -a36 (base 11) to base 9.
-1637
Convert 6a1 (base 12) to base 5.
12420
-556 (base 9) to base 14
-248
-25544 (base 6) to base 3
-12022201
-4952 (base 12) to base 7
-33053
18357 (base 12) to base 3
1210002111
What is 11201 (base 4) in base 10?
353
-10010020 (base 3) to base 8
-4342
What is 2200112 (base 3) in base 15?
8a8
Convert -1377 (base 14) to base 3.
-11201022
322 (base 5) to base 9
106
What is -12312 (base 8) in base 9?
-7263
2124 (base 6) to base 11
400
Convert -203002 (base 4) to base 5.
-32432
Convert -313311 (base 4) to base 15.
-10d3
Convert 103 (base 4) to base 6.
31
Convert -2196 (base 13) to base 12.
-2866
What is -695 (base 13) in base 15?
-50b
Convert 2111211 (base 3) to base 14.
94b
Convert 111001100 (base 2) to base 8.
714
Convert 121202122 (base 3) to base 10.
12221
What is -599 (base 12) in base 10?
-837
What is 476 (base 10) in base 6?
2112
What is 131213 (base 5) in base 13?
2489
Convert -4334 (base 6) to base 8.
-1742
Convert 6223 (base 12) to base 8.
24673
What is -1707 (base 8) in base 9?
-1284
What is 23273 (base 12) in base 2?
1011011110110111
-221211 (base 6) to base 5
-1042224
28a7 (base 12) to base 15
160a
-30604 (base 9) to base 7
-112546
Convert 2350 (base 6) to base 7.
1443
1654 (base 7) to base 13
400
Convert 10031131 (base 4) to base 13.
7b07
What is -7137 (base 15) in base 5?
-1231102
What is 12150 (base 8) in base 13?
24bb
What is 8766 (base 9) in base 11?
4942
What is b9a (base 16) in base 15?
d30
What is 121011 (base 7) in base 11?
15554
10330 (base 7) to base 13
1228
What is 3030004 (base 5) in base 10?
48754
-115 (base 11) to base 7
-254
-1450 (base 15) to base 7
-15453
Convert -1419 (base 13) to base 7.
-11304
-455 (base 9) to base 8
-566
What is -4300 (base 8) in base 2?
-100011000000
60a8 (base 12) to base 4
2210000
Convert -100010111011100 (base 2) to base 5.
-1033014
What is -4c51 (base 13) in base 12?
-636a
What 